 of -i**5/20 - i**3/3 - 2*i. Calculate t(a).
-12
Suppose 6*l + 21 = -3*x + 9*l, 3*x + 25 = -l. Let a(c) = -4*c**2 - 36*c - 36. Calculate a(x).
-4
Suppose -62*h - 37 = -29 + 54. Let m(l) = 28*l + 7. Calculate m(h).
-21
Let o(v) = -6*v - 90. Let u = -3998 - -3981. Calculate o(u).
12
Let q(i) = 3*i. Let s = 469 - 467. Suppose -5*y + 4*c = -32, -c - 4*c = 3*y + 3. Let r = y - s. Give q(r).
6
Let n(d) = 234453*d + 27 - 234474*d + 27 + 2*d**2. Calculate n(3).
9
Suppose -5*f - 5 = -15. Let l be (f/(-7))/(8/56 - 0). Let z(y) = 5*y**2 + 1. Determine z(l).
21
Let d(y) = -3*y**2 + 45*y - 6. Let x = -5064 - -5079. What is d(x)?
-6
Let i be -21*(16/6 + -3). Let r(d) = 2*d - 10921 - 10904 + 21816. Give r(i).
5
Suppose 0 = -23*s + 28*s - 25. Let h(q) = q. Let g(l) be the third derivative of -l**4/8 - 5*l**3/6 + 20*l**2. Let w(t) = s*h(t) + g(t). Give w(7).
9
Let x(t) = 5 - 19*t + 3*t + 2*t**2 - 5*t + 9*t - 4*t. Give x(8).
5
Suppose 0 = 3*x - 5*r - 56, 5*x - 10*r - 80 = -5*r. Let z(l) = l**2 - 5*l - 24. What is z(x)?
60
Let w(s) = -s**3 - 8*s**2 + 7*s - 12. Let h be w(-9). Let m(c) = 3*c - 12 + 4*c + c + 2*c - 9*c. What is m(h)?
-6
Suppose 51 = -5*k + 2*p, -k = 6*p - p - 6. Let t(b) = 3*b + 20. Give t(k).
-7
Suppose -13*f = -22*f + 3465. Suppose 0 = 3*v - f + 370. Let a(w) = w**2 - 9*w - 7. Calculate a(v).
-27
Let g(k) = k**3 - 7*k**2 - 1. Let j be g(7). Let y be (j/3)/((-14)/252). Let f(b) = 1 - 5 + 3 - y*b - b. Calculate f(1).
-8
Suppose -c + 92*c = -637. Let v(a) = -a**3 - 7*a**2 + 5*a + 1. What is v(c)?
-34
Let i(x) = x**2 + 6*x + 8. Let l = 17343 + -17339. Determine i(l).
48
Let g(l) = l**3 - 5*l**2 - 16*l + 3. Let f be g(7). Let c(w) = -9*w + 2. Let t(m) = -m**2 + 44*m - 11. Let a(i) = f*c(i) - 2*t(i). Give a(-5).
-5
Let g(s) = 9*s + 48. Suppose 4*k + 870 - 846 = 0. Determine g(k).
-6
Let d(h) = -3*h - 2. Let g(l) = l - 1. Let t(y) = 8. Let b(m) = 4*g(m) - t(m). Let u be b(4). Suppose 11 = -u*j - 1. What is d(j)?
7
Let y(w) be the second derivative of -w**4/12 + w**3/6 + 11*w**2/2 + 512*w. Calculate y(0).
11
Suppose -8 = -4*m + 3*n, 2*m - n = -m + 11. Let x be 3/m - 399/(-285). Let b(c) be the first derivative of -c**4 + 4*c**3/3 - 2*c**2 + 2*c - 1. Give b(x).
-22
Suppose 2*f + 18 = 4*y, 7*y - 6*y - 3*f - 12 = 0. Suppose -5*p + 10*p - 11 = -4*h, -y*h + 4*p - 15 = 0. Let c(g) = 11*g - 2. Calculate c(h).
-13
Let a(u) = -22*u**3 - 71*u**2 - 34*u - 67. Let b(f) = -8*f**3 - 24*f**2 - 11*f - 22. Let g(i) = 3*a(i) - 8*b(i). Determine g(-10).
15
Let n(u) be the third derivative of u**6/120 - u**5/30 + u**4/24 - 2*u**3/3 - 4*u**2 + 31*u. Suppose 5*d + 24 = 4*y + d, -5*d = 15. Calculate n(y).
8
Let z(u) = u**3 - 13*u**2 + 16*u - 434. Let o be z(14). Let l(j) = 17*j + 243. Calculate l(o).
5
Let f = -683 + 689. Let u(d) = d**2 + 4*d - 9. Determine u(f).
51
Let h = 19570 - 19570. Let t(o) be the second derivative of -4/3*o**3 - 1/12*o**4 + h - 9/2*o**2 - 38*o. Calculate t(-6).
3
Let i(z) = 6*z + 10. Let b(q) = 7*q + 19. Let k(l) = -3*b(l) + 5*i(l). Give k(3).
20
Let w(j) = 7*j**3 - 5. Let m(u) = -10*u**3 - u**2 + u + 7. Suppose -43*z + 9 = -40*z - 2*x, 5*z + 2*x = 31. Let b(n) = z*m(n) + 7*w(n). Calculate b(-6).
6
Let b be 5 + (-11 - -7) + 2. Let p(y) = 13*y**2 + 61 - 65 + 5*y**b - y - 4*y**3. Give p(-13).
9
Suppose 859*y - 10 = 857*y. Suppose 5*l = 4*s + 3 - 0, 0 = -4*l - y*s - 14. Let p(b) = 7*b - 1. Give p(l).
-8
Suppose -3*o + 3*s = 30, -25*o + 27*o - 5*s = -29. Let i(a) = -a**3 - 6*a**2 + 5*a - 15. Calculate i(o).
-1
Suppose 47 = -2*z - 2*u + 53, 0 = -3*z - 2*u + 8. Let x(j) be the second derivative of -1/6*j**3 + 0 - 25*j + 11/2*j**z. Give x(8).
3
Let g(a) = 17*a**3 + 61*a**2 + 32*a + 22. Let w(b) = 7*b**3 + 25*b**2 + 13*b + 9. Let m(c) = 5*g(c) - 12*w(c). Calculate m(-4).
2
Let y(u) = 79*u - 29. Let t(k) = 64*k - 29. Let c(n) = -5*t(n) + 4*y(n). What is c(6)?
5
Let u(y) = 17*y**2 - 48*y + 17. Let g(v) = 23*v**2 - 48*v + 15. Let c(f) = -2*g(f) + 3*u(f). Give c(9).
-6
Let f(b) = 2*b**2 - 2*b - 3 + b**2 + 4*b. Let m be 5*(-7 + (-7 - -13)). Let a be -9*4/(7 - m). Calculate f(a).
18
Let o(v) = 2*v**2 - 4*v + 6. Let x be 10/(-85) - (6300/(-153))/10. Calculate o(x).
22
Let h(m) = -5*m - 31*m**2 + 12*m**2 - 4 + 18*m**2. Let f(o) = o**3 - 17*o**2 + 29*o + 9. Let l be f(15). Determine h(l).
-10
Let l be 190/1425*15/2. Let y(h) = 18*h**3 - h**2 - h + 2. Determine y(l).
18
Let v(y) be the second derivative of -5/2*y**2 - 2*y + 0*y**3 + 1/20*y**5 + 1/3*y**4 - 122. Suppose -20 = 2*u + 3*u. Calculate v(u).
-5
Let s(i) = -3*i**3 - 12*i**2 - 13*i - 58. Let t be s(-4). Let o(h) be the third derivative of 3*h**2 + 0*h - 11/6*h**3 + 0 - 1/24*h**4. What is o(t)?
-5
Let k(z) = -z**3 - 50*z**2 + 113*z + 474. Let f be k(-52). Let o(m) = -m**2 + 24*m - 117. Give o(f).
-9
Let b(u) be the first derivative of -5*u + 134 - 1/3*u**3 + 13/2*u**2. Let a = 16 + -4. Give b(a).
7
Let z(r) = -6*r + 8. Let g(t) = t - 2. Let q(p) = -5*g(p) - z(p). Let u(n) = 2*n + 17. Let j(k) = -q(k) + u(k). Give j(-12).
3
Let n(z) = -z + 2. Let h = -458 + 482. Suppose 2 + 70 = h*x. What is n(x)?
-1
Let r be (-14)/21 - 69/(-9). Let n(f) = 32 - 4*f + r*f - 28 + 2*f. Give n(-5).
-21
Let z = -10 + 31. Suppose -3*g - z = -2*q - 2, -3*g = -3*q + 21. Let l(h) = 2*h**q - 3*h**2 - 20*h - 3 + 8*h + 13*h. Give l(0).
-3
Let u(s) = -s**2 - 7*s + 11. Suppose 4*p = 2*k + 90, -4*p + 5*k = 17 - 104. Suppose -d + p = 31. Calculate u(d).
3
Let d(g) = g - 7. Let y be d(13). Let b(r) = -678*r + 3 + 229*r + 227*r + 225*r. Calculate b(y).
21
Let u(d) be the third derivative of -1/60*d**5 - 1/24*d**4 + 0 + 4/3*d**3 - 4*d**2 - 9*d. What is u(0)?
8
Suppose 36*z + 1 = 37*z. Let s(l) = 5*l**2 + 12*l - 11. What is s(z)?
6
Let k(i) be the third derivative of -i**5/30 - i**4/6 - 2*i**3/3 + 1033*i**2. Calculate k(-3).
-10
Let a be (-9)/(-6) + (-6)/(-12)*-415. Let s = a + 209. Let z(j) = j**3 - 2*j**2 + 3*j - 3. Calculate z(s).
15
Suppose -2*h - 10 = 4*n, 2*n - 40*h = -38*h - 14. Let v(x) = x + 17. Let a(j) = -3. Let k(q) = n*a(q) - v(q). Determine k(0).
-5
Let l(c) = 21 + 0*c + 0*c**2 - 3*c**2 - c**3 + 2*c + 0*c**2 + 4*c. Let m be l(-3). Let j(k) = k - 7. What is j(m)?
-4
Let w(u) = 7*u**2 - 5*u + 25 - 7 - u**3 + 14 - 38. Determine w(3).
15
Let n(f) be the second derivative of f**5/20 - f**4/24 - 2*f**3/3 + 5*f**2 - 147*f. Let t(z) be the second derivative of n(z). Calculate t(1).
5
Suppose 3*b - 358 = v - 97, -b + 87 = 2*v. Suppose 0 = p - 81 + b. Let k(z) = -z - 1. Give k(p).
5
Let w(y) = -2*y - 7. Suppose 0 = -b + 177 - 18. Let p = 228 - b. Let m = p + -75. Determine w(m).
5
Let k(c) = 7*c**2 - 3*c - 64. Let z(f) = 6*f**2 - 3*f - 56. Let i(h) = -5*k(h) + 6*z(h). Give i(6).
2
Let y = 84367/3 + -28121. Let l(a) be the third derivative of 1/12*a**4 + y*a**3 + 0*a + 0 + 26*a**2. What is l(-7)?
-6
Let z(r) = r**3 - 2. Suppose 0 = -3*n - g + 29, 0*n - g = -2*n + 16. Let k be n - 2/(4/10). Suppose k*m - m = -2*m. Calculate z(m).
-2
Suppose -16 = -264*l + 265*l - 4*b, -5*l = -5*b + 35. Let u(r) = 3*r**2 + 6*r + 13. Calculate u(l).
37
Suppose 448 - 124 = -5*i + 2*y, -2*i = -y + 129. Let z be ((-6)/11)/3 + 252/i. Let b(t) = -t**2 - 4*t - 2. What is b(z)?
-2
Let p(o) = 11*o**3 - 36*o**2 + 6*o - 57. Let n(i) = -4*i**3 + 12*i**2 - i + 19. Let v(t) = 8*n(t) + 3*p(t). Give v(10).
-119
Let n(t) = -7*t + 10 - 13580*t**2 + 13587*t**2 - 5 + 2. Give n(2).
21
Let g(l) = 4 - 2 + 3 + 6*l - 6. Suppose -t - 4*t - 269 = -4*o, 5 = -5*t. Let s = 65 - o. Give g(s).
-7
Let z(q) = 3*q - 63. Let p(f) = -61. Let j(t) = -5*p(t) + 4*z(t). Calculate j(-5).
-7
Let s = 3452 - 3455. Let f(p) = 7*p + 19. Give f(s).
-2
Let q(f) be the first derivative of f**4/2 - 14*f**3/3 + 7*f**2/2 + 8*f + 1480. Calculate q(6).
-22
Let o = 0 + 0. Suppose 42 + 62 = 26*k. Suppose 5*d - g = -0*g - 19, k*d - g + 15 = o. Let w(y) = y**3 + 4*y**2 + 3*y + 3. Calculate w(d).
-9
Let g(a) = -3*a**2 - 11*a. Let c(z) = -z**2 - z. Let k(q) = -2*c(q) + g(q). Let p be (8 + (-336)/40)*(-120)/(-4 + -2). What is k(p)?
8
Let i be ((-8)/(-5))/((-1)/(-5)). Let l(b) be the first derivative of b**4/4 - 3*b**3 + 3*b**2 - b - 63650. Determine l(i).
-17
Suppose -5*o - 41 = -4*u, 3*o - 1 = 2478*u - 2482*u. Let i(p) = -49*p + 205. Give i(u).
9
Let u(m) = 31 - m**2 - 4602*m - 5584*m + 10188*m. Let a = 9 - 2. Determine